 -424*p + 1. Let y be n(-1). Suppose y = 2*q + 3*q. Calculate the greatest common factor of c and q.
17
Let b(n) = -n**2 - 6*n - 1. Let r be 5*(-2 - -1) - 0. Let j be b(r). Calculate the highest common factor of 6 and j.
2
Let b = -81 - -155. Suppose 4*t = w + b + 10, -4*t + 72 = 2*w. Calculate the highest common factor of t and 50.
10
Let c(p) = p**3 + p + 416. Let x be c(0). Suppose x = 4*q - 160. Calculate the highest common divisor of 16 and q.
16
Let u = 11 + -2. What is the greatest common factor of u and 6?
3
Suppose -h = -5*h - 3*u + 45, 2*u - 50 = -4*h. Let y(g) = 12*g + 9. Let m be y(8). Calculate the greatest common factor of h and m.
15
Let o be (40/(-15))/((-4)/30). Suppose -o = -v + 35. What is the highest common divisor of v and 22?
11
Let v be (-3)/12 - (-8834)/8. Suppose -5*z - 4*c = -v, 3*c = -5*z - 0*c + 1108. Suppose o - z = -o. Calculate the highest common divisor of o and 14.
14
Suppose 6*w = 299 + 79. What is the highest common divisor of w and 21?
21
Let g(f) = 9*f. Let v be g(1). Suppose 6*r + 26 = 2*r - 2*i, -5*r - 31 = 2*i. Let m be (-21)/r*(11 + 4). What is the greatest common divisor of m and v?
9
Let k = 3 + 19. What is the highest common divisor of 242 and k?
22
Suppose 0 = a - 24 + 14. Let v(s) = 26*s - 2. Let q be (2/4)/(3/12). Let l be v(q). What is the greatest common factor of l and a?
10
Let q be (0 + 0/(-1))/1. Let h be (q - 1) + (6 - 3). Suppose 5*u - 8 = h. What is the highest common factor of 14 and u?
2
Let v = -90 + 118. What is the highest common factor of 84 and v?
28
Let i = 153 - 58. Let t = i - 68. Calculate the greatest common divisor of 9 and t.
9
Suppose 5*m = 3*r + 77, 4*r = -m + r + 19. Calculate the greatest common factor of m and 16.
16
Suppose 2*v - 18 = v. Calculate the greatest common factor of 30 and v.
6
Let z(w) = w + 17. Let o = 4 - 3. Let j = o + -1. Let v be z(j). What is the highest common divisor of 119 and v?
17
Let f(o) = -3*o**3 + o**2. Let h be 1 + -3 + (1 - 0). Let x be f(h). Suppose -2*n - 5*i = -1, n + x*i - 5 = -2*n. What is the highest common divisor of n and 3?
3
Suppose 4*c + 5*n - 89 = 0, 4*c + 4*n + 0*n = 84. Calculate the greatest common divisor of c and 48.
16
Suppose 0 = -4*a - 4*j + 832, -208 = -a + 4*j - 6*j. What is the highest common divisor of 26 and a?
26
Suppose 5*w - 90 + 420 = 0. Let b = w + 129. What is the greatest common divisor of b and 7?
7
Let v(g) = -g**2 + 18*g - 28. Let s be v(14). What is the greatest common factor of s and 308?
28
Suppose -2*s + 15 = -25. Calculate the greatest common factor of 50 and s.
10
Let w be -1*5/(5/(-6)). Let l = 20 - -4. What is the highest common divisor of l and w?
6
Suppose 108 = -0*f + 3*f. Let w(j) = -j**3 - 11*j**2 + 11*j - 8. Let b be w(-12). What is the greatest common factor of b and f?
4
Suppose -4*n - 11 = -b, -9*b + 4*b + 19 = -2*n. Suppose -s + b*s + 4*g = 22, -45 = -3*s - 3*g. Calculate the greatest common divisor of s and 133.
19
Let u be 2*-1*(-3 - 1). Let f be (205/5)/((-2)/(-4)). Suppose v = f + 6. Calculate the highest common factor of v and u.
8
Suppose -3*k + 0*t - 3*t = 372, 2*k = -t - 252. Let p be (10/8)/((-2)/k). Suppose 7 = i - 25. Calculate the highest common divisor of p and i.
16
Let r be (2/5)/(2/330*1). Calculate the greatest common divisor of 6 and r.
6
Suppose c - 16 = -3*c. Calculate the greatest common factor of c and 2.
2
Let p = -38 - -159. Let c be (-4)/2 - -13*1. What is the greatest common factor of c and p?
11
Let c be (-6)/8 - 118/(-8). Suppose 5*v - 181 - c = 0. Let j = 67 - v. Calculate the greatest common factor of 4 and j.
4
Let j be (15 + -27)/((-2)/(1 + 1)). Suppose 0 = 2*q + 24 - 72. Calculate the greatest common divisor of q and j.
12
Suppose -3*q + 4*w = -7*q + 24, 3*w = -5*q + 22. Suppose -q*g + 17 = 3*m, -3*m - 5*g = -4 - 7. What is the greatest common factor of 1 and m?
1
Let d be -3 + (1 - (-3 - -1)). Suppose 5*f - 4*h - 33 = d, f - 2*h = h. Let p = -27 + 45. What is the greatest common divisor of f and p?
9
Suppose -4*x = 3*d - 997, 5*d - 6*x + 2*x - 1619 = 0. Let p = -96 + d. Calculate the highest common divisor of 21 and p.
21
Let a be (-5)/20 - 82/(-8). Let y = -67 - -157. What is the greatest common divisor of y and a?
10
Suppose 18 = 2*j - 0*j. What is the greatest common factor of j and 9?
9
Let t = 55 - -50. Calculate the greatest common factor of t and 15.
15
Let l(k) = k**3 + k**2 + k. Let c be l(0). Suppose c = 3*a - 179 - 124. Let m = 151 - a. Calculate the highest common factor of m and 20.
10
Let t(f) = f**2 + 9. Let q be t(0). Suppose y - 18 = -0*y. What is the greatest common divisor of q and y?
9
Let a be (-3)/(-12) - 198/(-8). Let o(t) = t - 3. Suppose 3*p + 38 = 4*h, h = -4*h + 5*p + 50. Let x be o(h). What is the highest common factor of x and a?
5
Suppose 6*r = 2*r. Suppose s = -r*s + 15. Let n(b) = -b**3 - 7*b**2 + 7*b - 5. Let p be n(-8). Calculate the greatest common divisor of p and s.
3
Suppose 0 = 3*p - 3*d - 237, -3*p + 126 = 5*d - 79. What is the greatest common divisor of p and 30?
15
Let v = -21 + 23. Suppose 3*l = 9, -8 = -d + 3*l + v*l. Calculate the highest common divisor of d and 23.
23
Suppose 0 = 4*w - 7*w. Suppose -5*a + w*a + 360 = -3*h, 4*a + 5*h - 288 = 0. Calculate the greatest common divisor of 24 and a.
24
Suppose -37 = -2*q + 29. Let p(f) = f**2 + 2*f + 3. Let l be p(-4). What is the highest common divisor of q and l?
11
Suppose -4*u + 16 = -0. Calculate the greatest common divisor of 20 and u.
4
Let l be (-7)/(28/16) + 68. Calculate the highest common divisor of l and 96.
32
Suppose w - 5*p - 30 = 15, -4*w + 161 = -p. What is the greatest common factor of w and 4?
4
Let d be (-119)/(-4) + 1/4. Let y = 6 - 4. Suppose 7*l = y*l + d. What is the greatest common divisor of l and 42?
6
Suppose 5 + 5 = -5*g. Let m = g - -7. Let y = -21 + 23. Calculate the highest common factor of y and m.
1
Suppose -7625 = 2*t - 7*t. Suppose 0*i = -5*i + t. Suppose v + 2*d - 85 = 7*d, i = 5*v + 5*d. What is the highest common factor of 26 and v?
13
Let q be (-5)/(25/(-153)) + (-6)/10. What is the greatest common divisor of q and 15?
15
Let d be 3 - (-3)/6*4. Suppose 0 = -2*m + d*m - 147. Let s = 9 - 2. What is the highest common divisor of s and m?
7
Let y be -108*4/18*-3. Suppose 0 = -2*d - d + 84. Suppose -2*n + s + 2*s + d = 0, 8 = -n - 4*s. What is the greatest common factor of y and n?
8
Let w be (-1)/((-1)/4*1). Let o be (-765)/(-7) - w/14. Suppose -4*h + 131 + o = 0. What is the highest common factor of 12 and h?
12
Let f be 2/(-4) + (-330)/(-44). Calculate the greatest common divisor of f and 70.
7
Suppose b = 110 + 132. Calculate the greatest common divisor of b and 22.
22
Suppose -2*n + 30 = 3*n. What is the greatest common divisor of n and 54?
6
Let u be (-10 - 1)*(-1 - 15). What is the highest common divisor of u and 16?
16
Let p be (-1)/2 - (-1158)/12. Suppose -i = -3*i + p. Let z be 20/(-3)*12/(-10). What is the greatest common divisor of z and i?
8
Let i(s) = 2*s**2 - s - 3. Let u be i(3). Let t(a) = 6*a**2 - 3*a + 24. Let f be t(4). Calculate the highest common factor of f and u.
12
Let k be 9/6*(-84)/(-9). Suppose -6*x + x = -q - 630, -2*q - 630 = -5*x. Calculate the highest common factor of x and k.
14
Let v = 13 - 5. Calculate the highest common divisor of v and 64.
8
Let j(v) = -v + 14*v + 9*v. Suppose -3*f + 5 = -5*n + n, 1 = -f + 2*n. Let a be j(f). What is the greatest common divisor of a and 14?
14
Let j = 5 + 1. Let g be -2 + (4 - 2)*j. Calculate the greatest common factor of 30 and g.
10
Let n be (-4)/(-8)*1/((-2)/(-36)). Calculate the highest common divisor of 144 and n.
9
Let g = 11 + -7. Let j(y) be the second derivative of y**3/2 - 3*y**2/2 - y. Let l be j(g). Calculate the greatest common factor of 9 and l.
9
Let t(w) = 0*w**3 + 3*w**3 + w - 2 + 6*w - 4*w**2 - 3*w. Let z be t(2). Calculate the highest common factor of z and 56.
14
Let i = -5 - -20. Let z(j) be the second derivative of j**4/6 + j**3/3 - j**2 + 2*j. Let k be z(-3). What is the highest common factor of k and i?
5
Suppose 0 = -t - 1 + 2, 4*t + 68 = 4*u. Let j be 2/(-5) - ((-910)/25 + 0). What is the greatest common divisor of j and u?
18
Suppose 0 + 8 = h. What is the highest common factor of h and 8?
8
Let x be 363/12 - (-2)/32*-4. What is t